 = -88801 + 128973. What are the prime factors of x?
2, 11, 83
Suppose -3*l = 3*x - 7958 - 55963, 3*l - 42620 = -2*x. What are the prime factors of x?
7, 17, 179
Let r(c) = 12*c + 12*c - 31*c + 9*c + 19. What are the prime factors of r(2)?
23
What are the prime factors of (20 - 125)/((12/(-13384))/((-16)/(-56)))?
2, 5, 7, 239
Suppose -21*p + 1824 + 533 = 5. Let s(z) = -9*z**3 - 2*z**2 - 2*z - 1. Let m be s(-1). Suppose -m*v = -v - p. What are the prime factors of v?
2
Suppose 0*j = -2*z - 5*j + 34, 0 = 3*z - 2*j - 32. Let g = 315 + -312. Suppose 4*o - z = g*o. List the prime factors of o.
2, 3
Suppose 0 = -5*v - 2414*x + 2413*x + 86669, 3*v - 4*x = 51960. List the prime factors of v.
2, 7, 619
Suppose 270*i - 286*i = -892992. List the prime factors of i.
2, 3, 4651
Let l be 1458/33 + (-4)/22. Suppose 0 = 22*t + 14 + 8. Let r = l + t. List the prime factors of r.
43
Suppose -55*r + 97296 = -31*r. Suppose r = 11*i - 1721. List the prime factors of i.
3, 5, 7
Let c(w) = -32*w - 16. Let q(v) = -7*v - 48. Let g be q(-4). What are the prime factors of c(g)?
2, 3, 13
Let l(r) = 54*r**2 + 5*r + 7. Let d be l(-2). Suppose b - 239 = d. What are the prime factors of b?
2, 113
Let n(r) = 870*r**2 + 124*r - 22. List the prime factors of n(5).
2, 37, 151
Let x = -40 - -38. Let h(s) = -s**2 + 3*s - 3. Let j be h(2). List the prime factors of 32 + x + j + 1.
2, 3, 5
Let i = 25 + -21. Suppose 10*h - i = 6*h. What are the prime factors of (363/55)/(h/10)?
2, 3, 11
Let l be ((-5 - -2) + 4)*1. Suppose l = -5*r - 2*m + 17, 5*r - 2*m - 4 = 0. Let g(z) = 18*z**3 + 3*z**2 - 2*z - 4. List the prime factors of g(r).
2, 37
Suppose 0 = -q + 3*q - 258. Suppose n - 146 - q = 0. Let a = n - 194. What are the prime factors of a?
3
Suppose 2*u - 3*z = 25 - 6, 3*z = -2*u - 11. Suppose -3*w - 18 = -u*s + 11, -5*s - 3*w + 62 = 0. What are the prime factors of (-13)/(s/(-216)) + 1?
7, 31
Suppose -5*g + 27 + 18 = 3*b, -4*b - 80 = -5*g. Let y(f) = -f**3 - f**2 + 10*f + 36. Let v be y(-4). Let s = g + v. List the prime factors of s.
2, 7
Suppose i = 2*d - 16, 5*i - 4*d + 52 = -8*d. Let v(b) be the second derivative of b**4/6 + 8*b**3/3 + 9*b**2 + 17*b - 11. What are the prime factors of v(i)?
2, 3, 19
Let l = -48 + 53. Suppose 4*m + 2*r + 0*r + 154 = 0, 0 = l*m - 2*r + 188. Let u = 147 + m. What are the prime factors of u?
109
Let h = 380 + -1183. Let s = h - -2053. List the prime factors of s.
2, 5
Suppose 127 = -5*i + 92. What are the prime factors of 0 + (-374)/(14/i)?
11, 17
Let h(w) = w**2 - 35*w + 118. Let t be h(31). Let c be (-46)/3*6/(-4). Let v = t + c. What are the prime factors of v?
17
Let x(v) = 19*v**2 - 98 + 5*v**2 + 220 - 115 - 45*v. What are the prime factors of x(-6)?
7, 163
Let r(l) = l**2 - 37*l - 1149. What are the prime factors of r(-29)?
3, 5, 17
Let s = 858 - 854. Let a(n) = -51*n + 1. Let c be a(-3). Suppose -2*t + s*z = -c, 4*t + 14 = -3*z + 344. List the prime factors of t.
3
Suppose -158 = -3*l + 25. Suppose 0 = 3*n - 224 - 4. Let r = n - l. What are the prime factors of r?
3, 5
Let s(w) = -1. Let z(u) = -4*u**3 - 2*u**2 - 3*u - 6. Let k(b) = -2*s(b) + z(b). Let n = -15186 + 15184. List the prime factors of k(n).
2, 13
Let g(z) = 18*z - 38. Let a(d) be the second derivative of -3*d**3 + 37*d**2/2 + 13*d. Let y(i) = -4*a(i) - 3*g(i). What are the prime factors of y(10)?
2, 73
Let x(b) = 15*b - 8. Let p(h) = -44*h + 24. Let q(v) = -3*p(v) - 8*x(v). Let y(f) = 35*f - 273. Let u be y(8). What are the prime factors of q(u)?
2, 19
Let b(n) = -4*n**3 - 20*n**2 + 32*n + 17. Let d(c) = c**3 + 2*c**2 - c - 1. Let g(t) = b(t) + 5*d(t). List the prime factors of g(7).
2, 3
Suppose 4*a + 5*p - 235551 = 0, -3*p = -4*a - 9*a + 765406. List the prime factors of a.
97, 607
Suppose -2*g + 2*t + 2 = 0, -6*t + 6 = 2*g - 4*t. Suppose 386 = g*c - 278. What are the prime factors of c?
2, 83
Let a be (-1 - -1) + -1 + 6. Suppose 0 = c + a*c. Suppose -6*x + 402 - 102 = c. List the prime factors of x.
2, 5
Suppose 2*q - 3*t - 22836 = 0, 4*q = -t + 48866 - 3180. What are the prime factors of q?
3, 47
Let m be 6/4 + (-6)/4. Let t(r) be the third derivative of -r**4/12 + r**3/3 + 9*r**2. List the prime factors of t(m).
2
Suppose 5*i - b = -2*b + 9992, 2*b - 7996 = -4*i. Suppose -5*s - 12 = 3, -4*d + 2*s + i = 0. List the prime factors of d.
2, 3, 83
Let l = -18 - -13. Let k be (l - -1) + (-14)/(-2). Suppose 3*g - 700 = -4*s - 2*g, s - 175 = k*g. What are the prime factors of s?
5, 7
Let i(z) = -2*z - 12. Let a be i(-6). Suppose a = -7*g - 106 + 2367. What are the prime factors of g?
17, 19
Let v = 238 + -170. Let n be (-121)/4 - (-4)/16. Let j = n + v. What are the prime factors of j?
2, 19
Let j(n) = 11*n - 7. Let x(b) = -b**2 - 5*b + 10. Let w be x(-5). Suppose -6*f + w*f - 28 = 0. What are the prime factors of j(f)?
2, 5, 7
Let t be (24/(-9))/(-2) - (-388)/6. Suppose 0 = -v + 4*v - 96. What are the prime factors of (v/24)/(1/t)?
2, 11
Suppose -3*r - 2*r = -10. Suppose -3*x - 5*p = -18, 12 = r*x - 0*p + p. List the prime factors of (-30)/25*(-225)/x.
3, 5
Suppose -9*t = -12*t - 6. Let y be (-9)/t*(-24)/(-6). What are the prime factors of 300/y*30/4?
5
Suppose -34 = -18*b + 74. Suppose b*v + h = 3*v + 1998, h + 3 = 0. What are the prime factors of v?
23, 29
Suppose -10*s + 9200 = -31896 - 49764. List the prime factors of s.
2, 7, 11, 59
Let k(o) = 2*o**3 - 24*o**2 + 90*o + 52. What are the prime factors of k(19)?
2, 3, 71
Let u be 310/50 - 6 - 219/(-5). Suppose -1381 = u*o - 41905. What are the prime factors of o?
3, 307
Suppose 3*j - 236 = -j. Let k = j - 79. Let l = k - -129. List the prime factors of l.
109
Let a(q) = -12*q - 21*q**2 + 20*q**2 + 13 + 15*q + 23*q. Let w be (-50 + -1)*(-5)/15. List the prime factors of a(w).
2, 83
Let i be -5*(-4 - (-51)/15). Suppose 4*c - 159 = o, -c - i*o + 43 = -0*o. What are the prime factors of c?
2, 5
Suppose -5*x - 3*i = -13529, -5*x + 4*i = -7405 - 6138. What are the prime factors of x?
2707
Let b be 7/(14/(-24))*(-26 + -1). Suppose 5*h = 4*p + b, -p + 238 = 4*h - 17. List the prime factors of h.
2
Let v(w) = -14*w**3 + w**2 - 2*w + 1. Suppose 5*x + 6*l = 5*l - 228, -2*x - 84 = 4*l. Let b = x - -44. List the prime factors of v(b).
11
Let f(p) = 18*p + 64. Let n be f(-3). Suppose 2982 = -n*m + 14*m - 2*l, -4*l + 3747 = 5*m. What are the prime factors of m?
3, 83
Suppose 132699 - 1905 = 24*y - 40542. List the prime factors of y.
11, 59
Let c(u) = u**3 + 26*u**2 - 3*u - 35. Let s be c(-26). Let t = 834 - s. List the prime factors of t.
7, 113
Suppose 4*y + 240 = 5*a, a + 30 - 99 = 5*y. Suppose 47*x - 2217 = a*x. What are the prime factors of x?
739
Let c = -12 - -18. Suppose 3*d + 30 = c*d. Suppose 73 = d*y - 9*y. What are the prime factors of y?
73
Let o = 42 + -43. Let z(v) = -v. Let b be z(o). What are the prime factors of (6/(1 - -2))/(b/56)?
2, 7
Let x be (-2)/8 + (-345)/60. List the prime factors of (-4)/x + 1958/6.
3, 109
Suppose -y + 6*y = -5, 4*j = -4*y + 28. Suppose j*l - 144 = 11*l. Let f = l - -134. What are the prime factors of f?
2, 43
Suppose 2*m + 4 = 0, -7*u + 2*m = -8*u - 6. What are the prime factors of u - (3 - 630/7)?
5, 17
Let v(t) = t**2 - 22*t - 21. Let l be v(23). Suppose -5*g + 2*h = -h + 80, -2*h = -l*g - 32. Let x = g + 75. What are the prime factors of x?
59
Let n = 1907 - 419. Suppose 14*k = 6*k + n. List the prime factors of k.
2, 3, 31
Let g = 3901 - -8166. What are the prime factors of g?
11, 1097
Let z = 11 + -32. Let b be ((-432)/z)/((-3)/(0 + -21)). Suppose -8*d + b = d. List the prime factors of d.
2
Let k be (-6)/39 + (-268)/(-52). Let y(x) = 374 - 395 + 32*x + 26*x - 7*x. What are the prime factors of y(k)?
2, 3, 13
Let c be (-56)/(1/(-8)*(-30 - -26)). Suppose 2*i + 3*d = 344, -3*i = -8*i + 3*d + 860. Let z = i + c. List the prime factors of z.
2, 3, 5
Suppose 400 + 55 = -7*o. Let l(a) = -a**3 - 5*a**2 - 4*a + 3. Let v be l(-7). Let q = v + o. List the prime factors of q.
2
Suppose 53*p = 55*p - 32. Suppose -v = -i, -5*v + 0 = -i + p. What are the prime factors of (0 + i + 5)*0 + 53?
53
Let c = -31 + 115. Suppose -s = -h - c, -s - 5 = h + 77. Let k = h + 148. List the prime factors of k.
5, 13
Let w(a) = 26*a**2 + 171*a + 204. List the prime factors of w(-26).
2, 59, 113
Suppose 0 = -4*c + 3*h - 5, -